greatest common divisor of 54 and f.
6
Suppose 5*c - 43 = 37. Let p = 13 + c. Calculate the highest common factor of 203 and p.
29
Suppose 2*u - 52 = -0*u. Calculate the greatest common factor of u and 39.
13
Suppose 3*o - 45 = -6*o. Calculate the highest common divisor of 5 and o.
5
Suppose -5*q = -371 - 149. Suppose -3*d + q = -n, 2*n + 2*n - 4 = 0. Let j be (76/(-342))/(2/(-45)). What is the highest common factor of j and d?
5
Suppose -3*g - 2 = -11. Let b(a) = a + 3. Let w be b(2). Suppose 4*v = -2*d + 110, w*v + 2*d = -3*d + 140. What is the highest common factor of g and v?
3
Let t be (16/10)/(2/10). Let i(q) = 13*q - 5. Let h be i(t). Calculate the highest common divisor of h and 9.
9
Let r be (-9)/(-15) - (2 - 127/5). Calculate the highest common factor of r and 3.
3
Let t(x) be the third derivative of -5*x**4/12 - x**3/3 - 3*x**2. Let k be t(-2). Let l = k - 12. What is the highest common factor of 18 and l?
6
Suppose 0 = 11*y - 8*y - 27. Suppose 21 + 51 = x. Calculate the greatest common divisor of y and x.
9
Let j = 6 + 5. Calculate the highest common factor of j and 77.
11
Let o(y) = 9*y - 12 - y**2 + 0*y**2 + 4*y. Let p be o(10). What is the greatest common divisor of 162 and p?
18
Let q(l) = -l**3 + 7*l**2 + l + 1. Let y be q(7). Suppose -3*k = -81 - 111. Calculate the greatest common factor of y and k.
8
Suppose 0 = a - 1 + 5. Let x be (-1)/a - 51/(-4). Calculate the highest common factor of x and 143.
13
Let a = 43 + -30. What is the highest common factor of a and 13?
13
Let k(q) = -q - 2. Let g be k(-5). What is the greatest common divisor of 12 and g?
3
Let q be (-60)/(-8)*(-44)/(-6). Let n = 7 + -3. Suppose -n*v + 9*v - q = 0. What is the greatest common divisor of v and 22?
11
Let n(i) = 217*i**3 - i + 1. Let x be n(1). Calculate the greatest common factor of x and 31.
31
Let d be (-8)/((-16)/174) - -5. Calculate the highest common divisor of d and 23.
23
Let x(g) = -11*g - 1 - 13*g - 1 + 25*g. Let b be x(9). What is the highest common factor of b and 28?
7
Let s(k) = k**2 + 2*k - 2. Let b be s(-5). What is the greatest common divisor of 117 and b?
13
Suppose -j - 6 = -o + 3*j, -3*j = 3. Let h be 1*o*70/4. Let u be (-226)/(-16) + 1/(-8). What is the greatest common divisor of h and u?
7
Let n = 21 + -11. Let q(f) = -43*f. Let h be q(1). Let j = -18 - h. Calculate the greatest common factor of n and j.
5
Suppose 5*j + 11 = -2*c, -5*j - 14 = -j - c. Let f be 87/5 + j/(-5). What is the highest common divisor of 12 and f?
6
Suppose -b = -4, -b = q - 4*q + 17. Let u(a) = 50*a - 1. Let r be u(1). What is the highest common divisor of q and r?
7
Suppose 11 = 5*a - 19. Suppose -v = -3*g + 75, -2*g + 0*g + 4*v + 60 = 0. Calculate the greatest common divisor of a and g.
6
Let c be 48 - 1 - -2*(-12)/8. Calculate the greatest common factor of 11 and c.
11
Let o(q) be the first derivative of q**2/2 + 29*q - 13. Let m be o(-16). Let h(w) = 6*w**2 + 2. Let r be h(2). Calculate the highest common divisor of r and m.
13
Let x(a) = 3*a**2 + 2*a**3 - a**3 + 7*a**2 + 7 - 9*a + 19*a. Let s be x(-9). Let k be s/(6/(-27)*1). Calculate the highest common factor of k and 81.
9
Let r(g) = -g + 14. Let y be r(8). Let j = -22 - -31. What is the highest common factor of j and y?
3
Let t(p) = -p**3 - 11*p**2 + 2*p + 10. Let z be t(-11). Let c be -3*5/(45/z). What is the greatest common factor of c and 2?
2
Suppose 2*y + 9 = 2*i - 13, -2*i + 27 = 3*y. Calculate the highest common divisor of i and 48.
12
Let s be 2/(-5) + 72/30. Suppose -5*j - 476 = -s*f, 2*f = f + 3*j + 237. Calculate the highest common factor of f and 27.
27
Let h = -16 - -21. Suppose 2*o + 0*l = 3*l + 3, -l = -h*o + 27. Calculate the greatest common factor of o and 6.
6
Suppose 7*b - 45 = -5*j + 2*b, 0 = 5*j + 2*b - 54. Suppose z + 17 = -89. Let q = 26 - z. Calculate the greatest common divisor of q and j.
12
Suppose 2*n - 6 = n. Let c be (16/(-6))/(2/(-3)). Suppose -c*k - 73 + 193 = 0. What is the highest common factor of n and k?
6
Let o = 9 + -5. Let y(d) = d**2 - 4*d + 6. Let v be y(o). Calculate the greatest common divisor of v and 6.
6
Let b = 2 + -7. Let d = 9 + b. Let s = d + 2. What is the highest common divisor of s and 2?
2
Let g(v) = v - 4. Let u be g(8). Let j = 12 + u. Calculate the greatest common factor of 4 and j.
4
Let p(g) = 8*g - 34. Let v be p(9). What is the highest common divisor of 342 and v?
38
Suppose -2*g - 3*k + 31 = 0, 4*g - 3*k + 4*k - 37 = 0. Let y be (1 + (-50)/4)*-2. Let n = y - g. What is the highest common factor of n and 5?
5
Let b(t) = -46*t - 2. Let y be b(-2). Suppose 27 = 3*m - 3. What is the greatest common factor of m and y?
10
Let r(q) = -q**2 - 17*q + 9. Let o be r(-17). Let x be -87 - (2 - (2 + 0)). Let p = -42 - x. Calculate the highest common divisor of p and o.
9
Suppose -4 = -3*l + 20. Calculate the highest common divisor of l and 16.
8
Let u be 18/(-10) - 1/5. Let m be (-13 - u)*-2 + 2. Calculate the greatest common divisor of m and 16.
8
Let g(v) = -3*v - 4. Let f(u) = -2*u - 6 + 2 - 2*u. Let d(r) = 2*f(r) - 3*g(r). Let t be d(3). Calculate the highest common factor of t and 14.
7
Let c = 44 + -20. Let s be 34/5 - 3/((-90)/(-24)). Calculate the highest common factor of c and s.
6
Let v = -12 + 12. Let l be (2 - -16) + (v - 3). Calculate the highest common divisor of l and 135.
15
Let d = -5 + 27. Let f be ((-10)/(-8))/(3/(-12)). Let o be (1 - f*2) + 0. What is the highest common factor of d and o?
11
Suppose 2*h = -22 - 6. Let j be 29 - -2 - (-2)/(-2). Let w = h + j. Calculate the highest common factor of 112 and w.
16
Suppose -297 - 159 = -6*s. Suppose -3*c + 4*c = s. What is the highest common factor of c and 38?
38
Let q = 4 + -2. Calculate the greatest common factor of 2 and q.
2
Let n = -21 + 19. Let s = 11 + n. What is the highest common factor of s and 9?
9
Let d(a) = -a**2 - 6*a + 5. Let j be d(-7). Let i = j + 11. Let v = 103 - 31. Calculate the greatest common divisor of i and v.
9
Let y(c) = -c**3 - 5*c**2 - 4*c + 5. Let b be y(-4). Suppose -s - b = -45. Calculate the highest common factor of s and 8.
8
Let f(t) = -t - 8. Let g be f(-10). Let x be -13*(-2 + 1) - g. Suppose -3*l = -2*z - 2, -l + 4*z - x = z. What is the highest common factor of 2 and l?
2
Let a = -40 - -57. Calculate the highest common factor of 153 and a.
17
Let h(q) = q - 3. Let s be h(6). Let t = -4 - -13. Calculate the highest common factor of s and t.
3
Suppose 32 = 5*r - 28. What is the greatest common factor of 108 and r?
12
Let t be -2 + ((-1)/1 - -6). Suppose -3 = 2*f + t. Let s(x) = -x**3 - 3*x**2 + x + 4. Let q be s(f). What is the greatest common factor of q and 6?
1
Suppose -2*b = s + 3*b - 71, 4*b = s - 62. Calculate the highest common divisor of s and 22.
22
Let f(c) = 4*c**2 + 2*c - 1. Let d be f(-2). Calculate the highest common divisor of d and 77.
11
Let d(p) = -3*p. Let u = -1 - 0. Let s be d(u). Calculate the highest common factor of s and 9.
3
Let w be (7 - 2)*(2 + 1). Let r(t) = -5*t**3 - 4*t**2 - 3*t. Let m be r(-2). Calculate the greatest common factor of m and w.
15
Let j be -18 + 16 + -1 + 5. What is the highest common divisor of 4 and j?
2
Let j(w) = 3*w**3 - w + 3 + w - 4*w**3 - w. Let f be -2*((-10)/(-4) + -1). Let b be j(f). What is the highest common divisor of b and 11?
11
Suppose -18 = -5*i + 122. Suppose -h = -i - 27. Let v(w) = 4*w + 2. Let f be v(5). Calculate the highest common factor of f and h.
11
Let v = -65 + 70. Calculate the highest common factor of 40 and v.
5
Let j = -2 + 3. Let v be 60 + j + (-6 - -5). Calculate the highest common factor of v and 24.
12
Suppose -5*r = -3*h + 32, 2*h + 0*r = 4*r + 24. Suppose 3*y - 9 = -3*j, h*y - 3*j - 33 = -0*y. Calculate the greatest common factor of 2 and y.
2
Let j = 2 - -30. Suppose 0 = -0*t + t - 4*k - 16, -3*k - 12 = t. Suppose 5*z + 12 - 42 = -5*r, 2*z - 4*r = t. Calculate the highest common factor of j and z.
4
Let z be ((-26)/(-6))/((-1)/(-24)). Let t = -49 + 62. Calculate the highest common factor of z and t.
13
Suppose 0 = -3*w + 183 + 81. Suppose 0*f + 5*f = -10. Let r be 0 + (f - -1) + 12. Calculate the greatest common divisor of w and r.
11
Let w be (10/4)/((-1)/(-22)). Suppose -2*s + 2 = f, -2*f = s + s - 4. Suppose -22 = -f*r + r. What is the greatest common